{"id":971,"date":"2026-04-28T20:29:44","date_gmt":"2026-04-28T23:29:44","guid":{"rendered":"https:\/\/fernandabassani.com\/?page_id=971"},"modified":"2026-04-28T20:29:44","modified_gmt":"2026-04-28T23:29:44","slug":"exercicio-pratico","status":"publish","type":"page","link":"https:\/\/fernandabassani.com\/index.php\/exercicio-pratico\/","title":{"rendered":"Exerc\u00edcio pr\u00e1tico"},"content":{"rendered":"\n<h2 class=\"wp-block-heading has-medium-font-size\"><strong>Plano pessoal de desenvolvimento em lideran\u00e7a<\/strong><\/h2>\n\n\n\n<p>Complete as frases:<\/p>\n\n\n\n<h3 class=\"wp-block-heading\">Hoje, como l\u00edder, meu maior desafio \u00e9:<\/h3>\n\n\n\n<hr class=\"wp-block-separator has-alpha-channel-opacity\"\/>\n\n\n\n<h3 class=\"wp-block-heading\">Uma habilidade que preciso fortalecer \u00e9:<\/h3>\n\n\n\n<hr class=\"wp-block-separator has-alpha-channel-opacity\"\/>\n\n\n\n<h3 class=\"wp-block-heading\">Uma decis\u00e3o importante que venho adiando \u00e9:<\/h3>\n\n\n\n<hr class=\"wp-block-separator has-alpha-channel-opacity\"\/>\n\n\n\n<h3 class=\"wp-block-heading\">Neste m\u00eas, meu compromisso como l\u00edder ser\u00e1:<\/h3>\n\n\n\n<p><\/p>\n\n\n\n<hr class=\"wp-block-separator has-alpha-channel-opacity\"\/>\n\n\n\n<p class=\"has-large-font-size\">Checklist de Lideran\u00e7a<\/p>\n\n\n\n<h2 class=\"wp-block-heading\">Como est\u00e1 minha lideran\u00e7a hoje?<\/h2>\n\n\n\n<p>Marque o que faz sentido para voc\u00ea:<\/p>\n\n\n\n<p>\u2610 Consigo tomar decis\u00f5es com seguran\u00e7a<br>\u2610 Sei me posicionar com clareza<br>\u2610 Lido bem com conflitos<br>\u2610 Delego tarefas quando necess\u00e1rio<br>\u2610 Consigo liderar sem me sobrecarregar<br>\u2610 Minha lideran\u00e7a reflete meus valores<\/p>\n\n\n\n<h3 class=\"wp-block-heading\">Resultado:<\/h3>\n\n\n\n<p>\u2705 <strong>5 ou 6 itens:<\/strong> lideran\u00e7a consistente. Continue fortalecendo.<br>\u2696 <strong>3 ou 4 itens:<\/strong> aten\u00e7\u00e3o aos pontos em branco.<br>\u26a0 <strong>0 a 2 itens:<\/strong> este m\u00eas merece foco total.<\/p>\n","protected":false},"excerpt":{"rendered":"<p>Plano pessoal de desenvolvimento em lideran\u00e7a Complete as frases: Hoje, como l\u00edder, meu maior desafio \u00e9: Uma habilidade que preciso fortalecer \u00e9: Uma decis\u00e3o importante que venho adiando \u00e9: Neste m\u00eas, meu compromisso como l\u00edder ser\u00e1: Checklist de Lideran\u00e7a Como est\u00e1 minha lideran\u00e7a hoje? Marque o que faz sentido para voc\u00ea: \u2610 Consigo tomar decis\u00f5es [&hellip;]<\/p>\n","protected":false},"author":1,"featured_media":0,"parent":0,"menu_order":0,"comment_status":"closed","ping_status":"closed","template":"","meta":{"footnotes":""},"class_list":["post-971","page","type-page","status-publish","hentry"],"_links":{"self":[{"href":"https:\/\/fernandabassani.com\/index.php\/wp-json\/wp\/v2\/pages\/971","targetHints":{"allow":["GET"]}}],"collection":[{"href":"https:\/\/fernandabassani.com\/index.php\/wp-json\/wp\/v2\/pages"}],"about":[{"href":"https:\/\/fernandabassani.com\/index.php\/wp-json\/wp\/v2\/types\/page"}],"author":[{"embeddable":true,"href":"https:\/\/fernandabassani.com\/index.php\/wp-json\/wp\/v2\/users\/1"}],"replies":[{"embeddable":true,"href":"https:\/\/fernandabassani.com\/index.php\/wp-json\/wp\/v2\/comments?post=971"}],"version-history":[{"count":1,"href":"https:\/\/fernandabassani.com\/index.php\/wp-json\/wp\/v2\/pages\/971\/revisions"}],"predecessor-version":[{"id":972,"href":"https:\/\/fernandabassani.com\/index.php\/wp-json\/wp\/v2\/pages\/971\/revisions\/972"}],"wp:attachment":[{"href":"https:\/\/fernandabassani.com\/index.php\/wp-json\/wp\/v2\/media?parent=971"}],"curies":[{"name":"wp","href":"https:\/\/api.w.org\/{rel}","templated":true}]}}

Exercício prático

<h2 class="wp-block-heading has-medium-font-size"><strong>Plano pessoal de desenvolvimento em liderança</strong></h2>



<p>Complete as frases:</p>



<h3 class="wp-block-heading">Hoje, como líder, meu maior desafio é:</h3>



<hr class="wp-block-separator has-alpha-channel-opacity"/>



<h3 class="wp-block-heading">Uma habilidade que preciso fortalecer é:</h3>



<hr class="wp-block-separator has-alpha-channel-opacity"/>



<h3 class="wp-block-heading">Uma decisão importante que venho adiando é:</h3>



<hr class="wp-block-separator has-alpha-channel-opacity"/>



<h3 class="wp-block-heading">Neste mês, meu compromisso como líder será:</h3>



<p></p>



<hr class="wp-block-separator has-alpha-channel-opacity"/>



<p class="has-large-font-size">Checklist de Liderança</p>



<h2 class="wp-block-heading">Como está minha liderança hoje?</h2>



<p>Marque o que faz sentido para você:</p>



<p>☐ Consigo tomar decisões com segurança<br>☐ Sei me posicionar com clareza<br>☐ Lido bem com conflitos<br>☐ Delego tarefas quando necessário<br>☐ Consigo liderar sem me sobrecarregar<br>☐ Minha liderança reflete meus valores</p>



<h3 class="wp-block-heading">Resultado:</h3>



<p>✅ <strong>5 ou 6 itens:</strong> liderança consistente. Continue fortalecendo.<br>⚖ <strong>3 ou 4 itens:</strong> atenção aos pontos em branco.<br>⚠ <strong>0 a 2 itens:</strong> este mês merece foco total.</p>

<p>Plano pessoal de desenvolvimento em liderança Complete as frases: Hoje, como líder, meu maior desafio é: Uma habilidade que preciso fortalecer é: Uma decisão importante que venho adiando é: Neste mês, meu compromisso como líder será: Checklist de Liderança Como está minha liderança hoje? Marque o que faz sentido para você: ☐ Consigo tomar decisões [&hellip;]</p>
