{"id":968,"date":"2026-04-28T20:23:51","date_gmt":"2026-04-28T23:23:51","guid":{"rendered":"https:\/\/fernandabassani.com\/?page_id=968"},"modified":"2026-04-28T20:23:51","modified_gmt":"2026-04-28T23:23:51","slug":"video-brene-brown-a-coragem-de-liderar","status":"publish","type":"page","link":"https:\/\/fernandabassani.com\/index.php\/video-brene-brown-a-coragem-de-liderar\/","title":{"rendered":"V\u00cdDEO: Bren\u00e9 Brown \u2013 A coragem de liderar"},"content":{"rendered":"\n<p>A pesquisadora e escritora <strong>Bren\u00e9 Brown<\/strong> fala sobre coragem, vulnerabilidade e lideran\u00e7a.<\/p>\n\n\n\n<h3 class=\"wp-block-heading\">\ud83c\udfaf Ap\u00f3s assistir, reflita:<\/h3>\n\n\n\n<p><strong>Eu lidero pelo controle ou pela confian\u00e7a?<\/strong><\/p>\n\n\n\n<p>A verdadeira lideran\u00e7a n\u00e3o nasce do medo.<br>Ela nasce da clareza, da coragem e da conex\u00e3o.<\/p>\n\n\n\n<figure class=\"wp-block-embed is-type-video is-provider-youtube wp-block-embed-youtube wp-embed-aspect-16-9 wp-has-aspect-ratio\"><div class=\"wp-block-embed__wrapper\">\n<iframe loading=\"lazy\" title=\"RESUMO: A CORAGEM PARA LIDERAR, POR BREN\u00c9 BROWN\" width=\"764\" height=\"430\" src=\"https:\/\/www.youtube.com\/embed\/2EeLxeT4pG8?feature=oembed\" frameborder=\"0\" allow=\"accelerometer; autoplay; clipboard-write; encrypted-media; gyroscope; picture-in-picture; web-share\" referrerpolicy=\"strict-origin-when-cross-origin\" allowfullscreen><\/iframe>\n<\/div><\/figure>\n\n\n\n<p>Fonte: Canal Resumindo livros.<\/p>\n\n\n\n<hr class=\"wp-block-separator has-alpha-channel-opacity\"\/>\n\n\n\n<h1 class=\"wp-block-heading\">Filme para reflex\u00e3o<\/h1>\n\n\n\n<h2 class=\"wp-block-heading\"><strong>\u201cErin Brockovich \u2013 Uma Mulher de Talento\u201d<\/strong><\/h2>\n\n\n\n<p>Erin Brockovich<\/p>\n\n\n\n<p>Observe durante o filme:<\/p>\n\n\n\n<ul class=\"wp-block-list\">\n<li>Como ela se posiciona diante de desafios;<\/li>\n\n\n\n<li>Como enfrenta conflitos;<\/li>\n\n\n\n<li>Como usa firmeza sem perder autenticidade.<\/li>\n<\/ul>\n\n\n\n<figure class=\"wp-block-image size-large\"><img loading=\"lazy\" decoding=\"async\" width=\"1024\" height=\"576\" src=\"http:\/\/fernandabassani.com\/wp-content\/uploads\/2026\/04\/895fa698c7b19c70abfc46e26377b345f7da4d0dd64f155b54c9207ae43c7534-1024x576.jpg\" alt=\"\" class=\"wp-image-969\" srcset=\"https:\/\/fernandabassani.com\/wp-content\/uploads\/2026\/04\/895fa698c7b19c70abfc46e26377b345f7da4d0dd64f155b54c9207ae43c7534-1024x576.jpg 1024w, https:\/\/fernandabassani.com\/wp-content\/uploads\/2026\/04\/895fa698c7b19c70abfc46e26377b345f7da4d0dd64f155b54c9207ae43c7534-300x169.jpg 300w, https:\/\/fernandabassani.com\/wp-content\/uploads\/2026\/04\/895fa698c7b19c70abfc46e26377b345f7da4d0dd64f155b54c9207ae43c7534-768x432.jpg 768w, https:\/\/fernandabassani.com\/wp-content\/uploads\/2026\/04\/895fa698c7b19c70abfc46e26377b345f7da4d0dd64f155b54c9207ae43c7534-1536x864.jpg 1536w, https:\/\/fernandabassani.com\/wp-content\/uploads\/2026\/04\/895fa698c7b19c70abfc46e26377b345f7da4d0dd64f155b54c9207ae43c7534-2048x1152.jpg 2048w\" sizes=\"auto, (max-width: 1024px) 100vw, 1024px\" \/><\/figure>\n\n\n\n<p>Fonte: Prime v\u00eddeos. Dispon\u00edvel em: <a href=\"https:\/\/www.primevideo.com\/-\/pt_PT\/detail\/0RMLEW6EXNH0VIKIZ8OB4V5ZJ7\">https:\/\/www.primevideo.com\/-\/pt_PT\/detail\/0RMLEW6EXNH0VIKIZ8OB4V5ZJ7<\/a>.<\/p>\n\n\n\n<p>Pergunta norteadora:<\/p>\n\n\n\n<p><strong>Em quais momentos ela lidera mesmo sem ter um cargo formal?<\/strong><\/p>\n\n\n\n<hr class=\"wp-block-separator has-alpha-channel-opacity\"\/>\n","protected":false},"excerpt":{"rendered":"<p>A pesquisadora e escritora Bren\u00e9 Brown fala sobre coragem, vulnerabilidade e lideran\u00e7a. \ud83c\udfaf Ap\u00f3s assistir, reflita: Eu lidero pelo controle ou pela confian\u00e7a? A verdadeira lideran\u00e7a n\u00e3o nasce do medo.Ela nasce da clareza, da coragem e da conex\u00e3o. Fonte: Canal Resumindo livros. Filme para reflex\u00e3o \u201cErin Brockovich \u2013 Uma Mulher de Talento\u201d Erin Brockovich Observe [&hellip;]<\/p>\n","protected":false},"author":1,"featured_media":0,"parent":0,"menu_order":0,"comment_status":"closed","ping_status":"closed","template":"","meta":{"footnotes":""},"class_list":["post-968","page","type-page","status-publish","hentry"],"_links":{"self":[{"href":"https:\/\/fernandabassani.com\/index.php\/wp-json\/wp\/v2\/pages\/968","targetHints":{"allow":["GET"]}}],"collection":[{"href":"https:\/\/fernandabassani.com\/index.php\/wp-json\/wp\/v2\/pages"}],"about":[{"href":"https:\/\/fernandabassani.com\/index.php\/wp-json\/wp\/v2\/types\/page"}],"author":[{"embeddable":true,"href":"https:\/\/fernandabassani.com\/index.php\/wp-json\/wp\/v2\/users\/1"}],"replies":[{"embeddable":true,"href":"https:\/\/fernandabassani.com\/index.php\/wp-json\/wp\/v2\/comments?post=968"}],"version-history":[{"count":1,"href":"https:\/\/fernandabassani.com\/index.php\/wp-json\/wp\/v2\/pages\/968\/revisions"}],"predecessor-version":[{"id":970,"href":"https:\/\/fernandabassani.com\/index.php\/wp-json\/wp\/v2\/pages\/968\/revisions\/970"}],"wp:attachment":[{"href":"https:\/\/fernandabassani.com\/index.php\/wp-json\/wp\/v2\/media?parent=968"}],"curies":[{"name":"wp","href":"https:\/\/api.w.org\/{rel}","templated":true}]}}