{"id":966,"date":"2026-04-28T20:03:40","date_gmt":"2026-04-28T23:03:40","guid":{"rendered":"https:\/\/fernandabassani.com\/?page_id=966"},"modified":"2026-04-28T20:03:40","modified_gmt":"2026-04-28T23:03:40","slug":"lideranca-4-perguntas-para-refletir-sobre-a-sua-forma-de-liderar","status":"publish","type":"page","link":"https:\/\/fernandabassani.com\/index.php\/lideranca-4-perguntas-para-refletir-sobre-a-sua-forma-de-liderar\/","title":{"rendered":"Lideran\u00e7a: 4 perguntas para refletir sobre a sua forma de liderar"},"content":{"rendered":"\n<p>Toda l\u00edder, em algum momento, precisa parar para se observar.<\/p>\n\n\n\n<p>Reserve alguns minutos para refletir:<\/p>\n\n\n\n<h3 class=\"wp-block-heading\"><strong>1. Como eu tomo decis\u00f5es?<\/strong><\/h3>\n\n\n\n<p>Voc\u00ea decide com seguran\u00e7a?<br>Busca informa\u00e7\u00f5es antes?<br>Adia decis\u00f5es dif\u00edceis?<\/p>\n\n\n\n<p>Tomar decis\u00f5es conscientes \u00e9 equilibrar raz\u00e3o, emo\u00e7\u00e3o e estrat\u00e9gia.<\/p>\n\n\n\n<hr class=\"wp-block-separator has-alpha-channel-opacity\"\/>\n\n\n\n<h3 class=\"wp-block-heading\"><strong>2. Como eu lido com conflitos?<\/strong><\/h3>\n\n\n\n<p>Evita conflitos?<br>Enfrenta de forma impulsiva?<br>Consegue conduzir conversas dif\u00edceis com equil\u00edbrio?<\/p>\n\n\n\n<p>Conflitos fazem parte da lideran\u00e7a. Saber gerenci\u00e1-los \u00e9 uma habilidade essencial.<\/p>\n\n\n\n<hr class=\"wp-block-separator has-alpha-channel-opacity\"\/>\n\n\n\n<h3 class=\"wp-block-heading\"><strong>3. Minha lideran\u00e7a \u00e9 clara?<\/strong><\/h3>\n\n\n\n<p>As pessoas entendem o que voc\u00ea espera delas?<br>Sua comunica\u00e7\u00e3o \u00e9 objetiva?<br>Voc\u00ea d\u00e1 direcionamento?<\/p>\n\n\n\n<p>Lideran\u00e7a tamb\u00e9m \u00e9 clareza.<\/p>\n\n\n\n<hr class=\"wp-block-separator has-alpha-channel-opacity\"\/>\n\n\n\n<h3 class=\"wp-block-heading\"><strong>4. Estou me anulando para liderar?<\/strong><\/h3>\n\n\n\n<p>Voc\u00ea diz \u201csim\u201d quando queria dizer \u201cn\u00e3o\u201d?<br>Assume responsabilidades que n\u00e3o deveria?<br>Tenta agradar o tempo todo?<\/p>\n\n\n\n<p>Liderar n\u00e3o \u00e9 se anular. \u00c9 se posicionar com respeito e firmeza.<\/p>\n\n\n\n<hr class=\"wp-block-separator has-alpha-channel-opacity\"\/>\n\n\n\n<h3 class=\"wp-block-heading\"><strong>Para refletir<\/strong><\/h3>\n\n\n\n<p>Ao longo da sua jornada, em quantos momentos voc\u00ea deixou de expressar sua opini\u00e3o para evitar conflitos?<br>Quantas vezes assumiu mais do que podia por medo de decepcionar algu\u00e9m?<br>E em quantas situa\u00e7\u00f5es colocou as necessidades do neg\u00f3cio, da equipe ou da fam\u00edlia acima das suas pr\u00f3prias?<\/p>\n\n\n\n<p>Liderar com empatia n\u00e3o significa carregar tudo sozinha.<br>Ser uma l\u00edder forte n\u00e3o exige abrir m\u00e3o da sua voz, dos seus limites ou da sua ess\u00eancia.<\/p>\n\n\n\n<p>Neste m\u00eas, o convite \u00e9 para olhar com mais carinho para si mesma e se perguntar:<\/p>\n\n\n\n<p><strong>Onde eu preciso me posicionar mais \u2014 e me anular menos?<\/strong><\/p>\n","protected":false},"excerpt":{"rendered":"<p>Toda l\u00edder, em algum momento, precisa parar para se observar. Reserve alguns minutos para refletir: 1. Como eu tomo decis\u00f5es? Voc\u00ea decide com seguran\u00e7a?Busca informa\u00e7\u00f5es antes?Adia decis\u00f5es dif\u00edceis? Tomar decis\u00f5es conscientes \u00e9 equilibrar raz\u00e3o, emo\u00e7\u00e3o e estrat\u00e9gia. 2. Como eu lido com conflitos? Evita conflitos?Enfrenta de forma impulsiva?Consegue conduzir conversas dif\u00edceis com equil\u00edbrio? Conflitos fazem [&hellip;]<\/p>\n","protected":false},"author":1,"featured_media":0,"parent":0,"menu_order":0,"comment_status":"closed","ping_status":"closed","template":"","meta":{"footnotes":""},"class_list":["post-966","page","type-page","status-publish","hentry"],"_links":{"self":[{"href":"https:\/\/fernandabassani.com\/index.php\/wp-json\/wp\/v2\/pages\/966","targetHints":{"allow":["GET"]}}],"collection":[{"href":"https:\/\/fernandabassani.com\/index.php\/wp-json\/wp\/v2\/pages"}],"about":[{"href":"https:\/\/fernandabassani.com\/index.php\/wp-json\/wp\/v2\/types\/page"}],"author":[{"embeddable":true,"href":"https:\/\/fernandabassani.com\/index.php\/wp-json\/wp\/v2\/users\/1"}],"replies":[{"embeddable":true,"href":"https:\/\/fernandabassani.com\/index.php\/wp-json\/wp\/v2\/comments?post=966"}],"version-history":[{"count":1,"href":"https:\/\/fernandabassani.com\/index.php\/wp-json\/wp\/v2\/pages\/966\/revisions"}],"predecessor-version":[{"id":967,"href":"https:\/\/fernandabassani.com\/index.php\/wp-json\/wp\/v2\/pages\/966\/revisions\/967"}],"wp:attachment":[{"href":"https:\/\/fernandabassani.com\/index.php\/wp-json\/wp\/v2\/media?parent=966"}],"curies":[{"name":"wp","href":"https:\/\/api.w.org\/{rel}","templated":true}]}}

Liderança: 4 perguntas para refletir sobre a sua forma de liderar

<p>Toda líder, em algum momento, precisa parar para se observar.</p>



<p>Reserve alguns minutos para refletir:</p>



<h3 class="wp-block-heading"><strong>1. Como eu tomo decisões?</strong></h3>



<p>Você decide com segurança?<br>Busca informações antes?<br>Adia decisões difíceis?</p>



<p>Tomar decisões conscientes é equilibrar razão, emoção e estratégia.</p>



<hr class="wp-block-separator has-alpha-channel-opacity"/>



<h3 class="wp-block-heading"><strong>2. Como eu lido com conflitos?</strong></h3>



<p>Evita conflitos?<br>Enfrenta de forma impulsiva?<br>Consegue conduzir conversas difíceis com equilíbrio?</p>



<p>Conflitos fazem parte da liderança. Saber gerenciá-los é uma habilidade essencial.</p>



<hr class="wp-block-separator has-alpha-channel-opacity"/>



<h3 class="wp-block-heading"><strong>3. Minha liderança é clara?</strong></h3>



<p>As pessoas entendem o que você espera delas?<br>Sua comunicação é objetiva?<br>Você dá direcionamento?</p>



<p>Liderança também é clareza.</p>



<hr class="wp-block-separator has-alpha-channel-opacity"/>



<h3 class="wp-block-heading"><strong>4. Estou me anulando para liderar?</strong></h3>



<p>Você diz “sim” quando queria dizer “não”?<br>Assume responsabilidades que não deveria?<br>Tenta agradar o tempo todo?</p>



<p>Liderar não é se anular. É se posicionar com respeito e firmeza.</p>



<hr class="wp-block-separator has-alpha-channel-opacity"/>



<h3 class="wp-block-heading"><strong>Para refletir</strong></h3>



<p>Ao longo da sua jornada, em quantos momentos você deixou de expressar sua opinião para evitar conflitos?<br>Quantas vezes assumiu mais do que podia por medo de decepcionar alguém?<br>E em quantas situações colocou as necessidades do negócio, da equipe ou da família acima das suas próprias?</p>



<p>Liderar com empatia não significa carregar tudo sozinha.<br>Ser uma líder forte não exige abrir mão da sua voz, dos seus limites ou da sua essência.</p>



<p>Neste mês, o convite é para olhar com mais carinho para si mesma e se perguntar:</p>



<p><strong>Onde eu preciso me posicionar mais — e me anular menos?</strong></p>

<p>Toda líder, em algum momento, precisa parar para se observar. Reserve alguns minutos para refletir: 1. Como eu tomo decisões? Você decide com segurança?Busca informações antes?Adia decisões difíceis? Tomar decisões conscientes é equilibrar razão, emoção e estratégia. 2. Como eu lido com conflitos? Evita conflitos?Enfrenta de forma impulsiva?Consegue conduzir conversas difíceis com equilíbrio? Conflitos fazem [&hellip;]</p>
