{"id":927,"date":"2026-01-25T18:11:31","date_gmt":"2026-01-25T21:11:31","guid":{"rendered":"https:\/\/fernandabassani.com\/?page_id=927"},"modified":"2026-04-28T20:37:15","modified_gmt":"2026-04-28T23:37:15","slug":"trilha-cmeg-2026","status":"publish","type":"page","link":"https:\/\/fernandabassani.com\/index.php\/trilha-cmeg-2026\/","title":{"rendered":"Trilha CMEG-PG 2026"},"content":{"rendered":"\n<p><strong><em>Da consci\u00eancia ao impacto: Mulheres que lideram, influenciam e transformam<\/em><\/strong>.<\/p>\n\n\n\n<p><strong>A Trilha de Desenvolvimento CMEG-PG 2026<\/strong> est\u00e1 em sua 3\u00aa edi\u00e7\u00e3o, e em parceria com o SEBRAE foi idealizada para fortalecer as mulheres empreendedoras da cidade de Ponta Grossa, Paran\u00e1.<\/p>\n\n\n\n<p>Mulheres empres\u00e1rias que desejam evoluir de forma estrat\u00e9gica, consciente e sustent\u00e1vel em seus neg\u00f3cios. Ao longo da trilha, voc\u00ea ser\u00e1 convidada a refletir, desenvolver compet\u00eancias essenciais e transformar desafios em oportunidades, conectando autoconhecimento, gest\u00e3o, lideran\u00e7a e prop\u00f3sito.<br>Mais do que capacita\u00e7\u00e3o, esta \u00e9 uma jornada de crescimento, troca e fortalecimento coletivo.<\/p>\n\n\n\n<hr class=\"wp-block-separator has-alpha-channel-opacity\"\/>\n\n\n\n<p><strong>Como a Trilha vai funcionar em 2026?<\/strong><\/p>\n\n\n\n<p>Como nos anos anteriores, todos os meses teremos um encontro especial da trilha. O link para inscri\u00e7\u00e3o ser\u00e1 compartilhado no grupo de WhatsApp. E neste ano temos um diferencial, uma semana antes de cada encontro, voc\u00ea encontrar\u00e1 aqui no site conte\u00fados preparados com cuidado para apoiar sua reflex\u00e3o e tornar a experi\u00eancia ainda mais significativa.<\/p>\n\n\n\n<hr class=\"wp-block-separator has-alpha-channel-opacity\"\/>\n\n\n\n<p class=\"has-text-align-center\"><strong>Tenha sempre em m\u00e3os um caderno\/caderneta para suas anota\u00e7\u00f5es e leve no dia do encontro presencial.<\/strong><\/p>\n\n\n\n<hr class=\"wp-block-separator has-alpha-channel-opacity\"\/>\n\n\n\n<details class=\"wp-block-details is-layout-flow wp-block-details-is-layout-flow\"><summary><strong>Encontro 1 &#8211; M\u00eas de Mar\u00e7o &#8211; Identidade, Prop\u00f3sito e Posicionamento<\/strong><\/summary>\n<p><strong>Tema:<\/strong> <em>Quem eu sou no mercado e o que eu represento<\/em>?<\/p>\n\n\n\n<p>(Clique nos conte\u00fados abaixo e se prepare para nosso encontro presencial.)<\/p>\n\n\n\n<p>\ud83d\udd39 <a href=\"https:\/\/fernandabassani.com\/index.php\/2026\/03\/01\/marco-identidade-proposito-e-posicionamento\/\" target=\"_blank\" rel=\"noreferrer noopener\">Leitura pr\u00e1tica<\/a><\/p>\n\n\n\n<p>\ud83d\udd39 <a href=\"https:\/\/fernandabassani.com\/index.php\/2026\/03\/01\/marco-identidade-proposito-e-posicionamento-2\/\" target=\"_blank\" rel=\"noreferrer noopener\">V\u00eddeo<\/a><\/p>\n\n\n\n<p>\ud83d\udd39 <a href=\"https:\/\/fernandabassani.com\/index.php\/2026\/03\/01\/exercicio-de-posicionamento\/\" target=\"_blank\" rel=\"noreferrer noopener\">Exerc\u00edcio de posicionamento<\/a><\/p>\n<\/details>\n\n\n\n<details class=\"wp-block-details is-layout-flow wp-block-details-is-layout-flow\"><summary><strong><strong>Encontro 2 \u2013 M\u00eas de Abril \u2013 Lideran\u00e7a Feminina e Tomada de Decis\u00e3o<\/strong><\/strong><\/summary>\n<p><strong>Tema: <\/strong>Liderar sem se anular<\/p>\n\n\n\n<p>(Clique nos conte\u00fados abaixo e se prepare para nosso encontro presencial.)<\/p>\n\n\n\n<p>\ud83d\udd39<a href=\"https:\/\/fernandabassani.com\/index.php\/lideranca-4-perguntas-para-refletir-sobre-a-sua-forma-de-liderar\/\" target=\"_blank\" rel=\"noreferrer noopener\">Leitura pr\u00e1tica<\/a><\/p>\n\n\n\n<p>\ud83d\udd39<a href=\"https:\/\/fernandabassani.com\/index.php\/video-brene-brown-a-coragem-de-liderar\/\" target=\"_blank\" rel=\"noreferrer noopener\">V\u00eddeo<\/a><\/p>\n\n\n\n<p>\ud83d\udd39<a href=\"https:\/\/fernandabassani.com\/index.php\/exercicio-pratico\/\" target=\"_blank\" rel=\"noreferrer noopener\">Exerc\u00edcio de posicionamento<\/a><\/p>\n<\/details>\n\n\n\n<details class=\"wp-block-details is-layout-flow wp-block-details-is-layout-flow\"><summary><strong><strong>Encontro 3 \u2013 M\u00eas de Maio \u2013 Comunica\u00e7\u00e3o Estrat\u00e9gica e Influ\u00eancia<\/strong><\/strong><\/summary>\n<p>(Conte\u00fado dispon\u00edvel em breve.)<\/p>\n<\/details>\n\n\n\n<p><\/p>\n","protected":false},"excerpt":{"rendered":"<p>Da consci\u00eancia ao impacto: Mulheres que lideram, influenciam e transformam. A Trilha de Desenvolvimento CMEG-PG 2026 est\u00e1 em sua 3\u00aa edi\u00e7\u00e3o, e em parceria com o SEBRAE foi idealizada para fortalecer as mulheres empreendedoras da cidade de Ponta Grossa, Paran\u00e1. Mulheres empres\u00e1rias que desejam evoluir de forma estrat\u00e9gica, consciente e sustent\u00e1vel em seus neg\u00f3cios. Ao [&hellip;]<\/p>\n","protected":false},"author":1,"featured_media":0,"parent":0,"menu_order":0,"comment_status":"closed","ping_status":"closed","template":"","meta":{"footnotes":""},"class_list":["post-927","page","type-page","status-publish","hentry"],"_links":{"self":[{"href":"https:\/\/fernandabassani.com\/index.php\/wp-json\/wp\/v2\/pages\/927","targetHints":{"allow":["GET"]}}],"collection":[{"href":"https:\/\/fernandabassani.com\/index.php\/wp-json\/wp\/v2\/pages"}],"about":[{"href":"https:\/\/fernandabassani.com\/index.php\/wp-json\/wp\/v2\/types\/page"}],"author":[{"embeddable":true,"href":"https:\/\/fernandabassani.com\/index.php\/wp-json\/wp\/v2\/users\/1"}],"replies":[{"embeddable":true,"href":"https:\/\/fernandabassani.com\/index.php\/wp-json\/wp\/v2\/comments?post=927"}],"version-history":[{"count":21,"href":"https:\/\/fernandabassani.com\/index.php\/wp-json\/wp\/v2\/pages\/927\/revisions"}],"predecessor-version":[{"id":978,"href":"https:\/\/fernandabassani.com\/index.php\/wp-json\/wp\/v2\/pages\/927\/revisions\/978"}],"wp:attachment":[{"href":"https:\/\/fernandabassani.com\/index.php\/wp-json\/wp\/v2\/media?parent=927"}],"curies":[{"name":"wp","href":"https:\/\/api.w.org\/{rel}","templated":true}]}}

<p><strong><em>Da consciência ao impacto: Mulheres que lideram, influenciam e transformam</em></strong>.</p>



<p><strong>A Trilha de Desenvolvimento CMEG-PG 2026</strong> está em sua 3ª edição, e em parceria com o SEBRAE foi idealizada para fortalecer as mulheres empreendedoras da cidade de Ponta Grossa, Paraná.</p>



<p>Mulheres empresárias que desejam evoluir de forma estratégica, consciente e sustentável em seus negócios. Ao longo da trilha, você será convidada a refletir, desenvolver competências essenciais e transformar desafios em oportunidades, conectando autoconhecimento, gestão, liderança e propósito.<br>Mais do que capacitação, esta é uma jornada de crescimento, troca e fortalecimento coletivo.</p>



<hr class="wp-block-separator has-alpha-channel-opacity"/>



<p><strong>Como a Trilha vai funcionar em 2026?</strong></p>



<p>Como nos anos anteriores, todos os meses teremos um encontro especial da trilha. O link para inscrição será compartilhado no grupo de WhatsApp. E neste ano temos um diferencial, uma semana antes de cada encontro, você encontrará aqui no site conteúdos preparados com cuidado para apoiar sua reflexão e tornar a experiência ainda mais significativa.</p>



<hr class="wp-block-separator has-alpha-channel-opacity"/>



<p class="has-text-align-center"><strong>Tenha sempre em mãos um caderno/caderneta para suas anotações e leve no dia do encontro presencial.</strong></p>



<hr class="wp-block-separator has-alpha-channel-opacity"/>



<details class="wp-block-details is-layout-flow wp-block-details-is-layout-flow"><summary><strong>Encontro 1 &#8211; Mês de Março &#8211; Identidade, Propósito e Posicionamento</strong></summary>
<p><strong>Tema:</strong> <em>Quem eu sou no mercado e o que eu represento</em>?</p>



<p>(Clique nos conteúdos abaixo e se prepare para nosso encontro presencial.)</p>



<p>🔹 <a href="https://fernandabassani.com/index.php/2026/03/01/marco-identidade-proposito-e-posicionamento/" target="_blank" rel="noreferrer noopener">Leitura prática</a></p>



<p>🔹 <a href="https://fernandabassani.com/index.php/2026/03/01/marco-identidade-proposito-e-posicionamento-2/" target="_blank" rel="noreferrer noopener">Vídeo</a></p>



<p>🔹 <a href="https://fernandabassani.com/index.php/2026/03/01/exercicio-de-posicionamento/" target="_blank" rel="noreferrer noopener">Exercício de posicionamento</a></p>
</details>



<details class="wp-block-details is-layout-flow wp-block-details-is-layout-flow"><summary><strong><strong>Encontro 2 – Mês de Abril – Liderança Feminina e Tomada de Decisão</strong></strong></summary>
<p><strong>Tema: </strong>Liderar sem se anular</p>



<p>(Clique nos conteúdos abaixo e se prepare para nosso encontro presencial.)</p>



<p>🔹<a href="https://fernandabassani.com/index.php/lideranca-4-perguntas-para-refletir-sobre-a-sua-forma-de-liderar/" target="_blank" rel="noreferrer noopener">Leitura prática</a></p>



<p>🔹<a href="https://fernandabassani.com/index.php/video-brene-brown-a-coragem-de-liderar/" target="_blank" rel="noreferrer noopener">Vídeo</a></p>



<p>🔹<a href="https://fernandabassani.com/index.php/exercicio-pratico/" target="_blank" rel="noreferrer noopener">Exercício de posicionamento</a></p>
</details>



<details class="wp-block-details is-layout-flow wp-block-details-is-layout-flow"><summary><strong><strong>Encontro 3 – Mês de Maio – Comunicação Estratégica e Influência</strong></strong></summary>
<p>(Conteúdo disponível em breve.)</p>
</details>



<p></p>

<p>Da consciência ao impacto: Mulheres que lideram, influenciam e transformam. A Trilha de Desenvolvimento CMEG-PG 2026 está em sua 3ª edição, e em parceria com o SEBRAE foi idealizada para fortalecer as mulheres empreendedoras da cidade de Ponta Grossa, Paraná. Mulheres empresárias que desejam evoluir de forma estratégica, consciente e sustentável em seus negócios. Ao [&hellip;]</p>
